{"id":40,"date":"2016-08-29T22:42:24","date_gmt":"2016-08-29T22:42:24","guid":{"rendered":"http:\/\/ssat.pt\/wordpress\/?page_id=40"},"modified":"2016-09-24T15:02:45","modified_gmt":"2016-09-24T15:02:45","slug":"avaliacoes-e-monotorizacoes","status":"publish","type":"page","link":"https:\/\/ssat.pt\/?page_id=40","title":{"rendered":"Avalia\u00e7\u00f5es e Monotoriza\u00e7\u00f5es"},"content":{"rendered":"<ul>\n<li>Avalia\u00e7\u00e3o do Ru\u00eddo Ocupacional e Ru\u00eddo Ambiente<\/li>\n<li>Avalia\u00e7\u00e3o da Luminosidade no Posto de Trabalho<\/li>\n<li>Avalia\u00e7\u00e3o de Poeiras Totais e Respir\u00e1veis<\/li>\n<li>Avalia\u00e7\u00e3o \u00e0 Exposi\u00e7\u00e3o a Agentes Qu\u00edmicos, F\u00edsicos e Biol\u00f3gicos<\/li>\n<li>Avalia\u00e7\u00e3o da Qualidade do Ar Interior<\/li>\n<li>Avalia\u00e7\u00e3o de Ambiente T\u00e9rmico<br \/>\n(Temperatura, Ventila\u00e7\u00e3o, Humidade, \u00cdndice de Stress T\u00e9rmico)<\/li>\n<li>Avalia\u00e7\u00e3o Ergon\u00f3mica dos postos de trabalho<\/li>\n<\/ul>\n","protected":false},"excerpt":{"rendered":"<p>Avalia\u00e7\u00e3o do Ru\u00eddo Ocupacional e Ru\u00eddo Ambiente Avalia\u00e7\u00e3o da Luminosidade no Posto de Trabalho Avalia\u00e7\u00e3o de Poeiras Totais e Respir\u00e1veis Avalia\u00e7\u00e3o \u00e0 Exposi\u00e7\u00e3o a Agentes Qu\u00edmicos, F\u00edsicos e Biol\u00f3gicos Avalia\u00e7\u00e3o da Qualidade do Ar Interior Avalia\u00e7\u00e3o de Ambiente T\u00e9rmico (Temperatura, Ventila\u00e7\u00e3o, Humidade, \u00cdndice de Stress T\u00e9rmico) Avalia\u00e7\u00e3o Ergon\u00f3mica dos postos de trabalho<\/p>\n","protected":false},"author":1,"featured_media":0,"parent":0,"menu_order":0,"comment_status":"closed","ping_status":"closed","template":"","meta":{"footnotes":""},"class_list":["post-40","page","type-page","status-publish","hentry"],"_links":{"self":[{"href":"https:\/\/ssat.pt\/index.php?rest_route=\/wp\/v2\/pages\/40","targetHints":{"allow":["GET"]}}],"collection":[{"href":"https:\/\/ssat.pt\/index.php?rest_route=\/wp\/v2\/pages"}],"about":[{"href":"https:\/\/ssat.pt\/index.php?rest_route=\/wp\/v2\/types\/page"}],"author":[{"embeddable":true,"href":"https:\/\/ssat.pt\/index.php?rest_route=\/wp\/v2\/users\/1"}],"replies":[{"embeddable":true,"href":"https:\/\/ssat.pt\/index.php?rest_route=%2Fwp%2Fv2%2Fcomments&post=40"}],"version-history":[{"count":2,"href":"https:\/\/ssat.pt\/index.php?rest_route=\/wp\/v2\/pages\/40\/revisions"}],"predecessor-version":[{"id":73,"href":"https:\/\/ssat.pt\/index.php?rest_route=\/wp\/v2\/pages\/40\/revisions\/73"}],"wp:attachment":[{"href":"https:\/\/ssat.pt\/index.php?rest_route=%2Fwp%2Fv2%2Fmedia&parent=40"}],"curies":[{"name":"wp","href":"https:\/\/api.w.org\/{rel}","templated":true}]}}